housands digit of 1230965038?
6
What is the tens digit of 107198235?
3
What is the hundred thousands digit of 1312881?
3
What is the hundred millions digit of 469895057?
4
What is the tens digit of 257950205?
0
What is the units digit of 3849963876?
6
What is the ten thousands digit of 29426363?
2
What is the hundred millions digit of 186763998?
1
What is the units digit of 4134208359?
9
What is the millions digit of 33436957?
3
What is the ten thousands digit of 869935094?
3
What is the hundred millions digit of 577076970?
5
What is the thousands digit of 50338649?
8
What is the thousands digit of 8650646?
0
What is the ten thousands digit of 33118839?
1
What is the hundred thousands digit of 87039564?
0
What is the ten millions digit of 45884731?
4
What is the millions digit of 32046113?
2
What is the millions digit of 1178228902?
8
What is the hundreds digit of 58791126?
1
What is the tens digit of 7736626208?
0
What is the units digit of 26616558?
8
What is the tens digit of 3900549219?
1
What is the hundred thousands digit of 853125671?
1
What is the hundreds digit of 426957326?
3
What is the thousands digit of 221894368?
4
What is the ten millions digit of 3369485565?
6
What is the ten millions digit of 3424709594?
2
What is the units digit of 1802181487?
7
What is the hundred millions digit of 1566576942?
5
What is the ten millions digit of 57560363?
5
What is the hundred thousands digit of 68517593?
5
What is the hundreds digit of 42779319?
3
What is the hundreds digit of 660751777?
7
What is the units digit of 2410457346?
6
What is the units digit of 1953929221?
1
What is the millions digit of 185573027?
5
What is the thousands digit of 9911604?
1
What is the thousands digit of 111252913?
2
What is the ten thousands digit of 1782358156?
5
What is the millions digit of 113049777?
3
What is the millions digit of 204474094?
4
What is the ten thousands digit of 17190856?
9
What is the ten millions digit of 1245750192?
4
What is the hundred millions digit of 1454779890?
4
What is the hundreds digit of 439616031?
0
What is the millions digit of 1867346504?
7
What is the ten millions digit of 34430493?
3
What is the tens digit of 563400044?
4
What is the hundreds digit of 270466300?
3
What is the hundreds digit of 180780102?
1
What is the units digit of 154550888?
8
What is the hundred millions digit of 6527722462?
5
What is the ten millions digit of 2649622120?
4
What is the hundreds digit of 1282501359?
3
What is the millions digit of 369384100?
9
What is the ten thousands digit of 94581475?
8
What is the thousands digit of 16179700?
9
What is the ten thousands digit of 187258008?
5
What is the hundred millions digit of 111829092?
1
What is the tens digit of 177234221?
2
What is the thousands digit of 45662143?
2
What is the hundred millions digit of 399479644?
3
What is the units digit of 146199740?
0
What is the ten thousands digit of 602039464?
3
What is the units digit of 281848669?
9
What is the tens digit of 225262923?
2
What is the ten thousands digit of 1539657643?
5
What is the ten millions digit of 6168621639?
6
What is the tens digit of 4606563218?
1
What is the ten millions digit of 1021517807?
2
What is the tens digit of 1719229416?
1
What is the hundred millions digit of 1486515557?
4
What is the ten millions digit of 43662413?
4
What is the hundreds digit of 69820189?
1
What is the units digit of 123136061?
1
What is the thousands digit of 71790761?
0
What is the ten thousands digit of 471261997?
6
What is the thousands digit of 182068580?
8
What is the thousands digit of 69945023?
5
What is the thousands digit of 345092372?
2
What is the millions digit of 64652057?
4
What is the hundred thousands digit of 99960678?
9
What is the hundred millions digit of 131940588?
1
What is the millions digit of 323222872?
3
What is the ten thousands digit of 123696588?
9
What is the hundred millions digit of 3448058826?
4
What is the thousands digit of 12404041?
4
What is the hundred millions digit of 362345589?
3
What is the hundred thousands digit of 18220499?
2
What is the thousands digit of 30140858?
0
What is the ten thousands digit of 489009023?
0
What is the millions digit of 287953804?
7
What is the ten thousands digit of 71255735?
5
What is the ten thousands digit of 52825257?
2
What is the hundred thousands digit of 570786?
5
What is the thousands digit of 160986750?
6
What is the millions digit of 67073941?
7
What is the thousands digit of 34951092?
1
What is the hundred thousands digit of 5085831006?
8
What is the tens digit of 2405721960?
6
What is the ten millions digit of 132405357?
3
What is the hundreds digit of 413628282?
2
What is the thousands digit of 33778214?
8
What is the ten thousands digit of 203988449?
8
What is the units digit of 120026242?
2
What is the hundred millions digit of 168288118?
1
What is the units digit of 63335305?
5
What is the hundreds digit of 171237184?
1
What is the units digit of 683148092?
2
What is the tens digit of 909214569?
6
What is the millions digit of 2623045093?
3
What is the tens digit of 1579550656?
5
What is the millions digit of 1367581?
1
What is the thousands digit of 171694739?
4
What is the hundred thousands digit of 84797051?
7
What is the hundred thousands digit of 236282277?
2
What is the units digit of 498793528?
8
What is the ten millions digit of 50805761?
5
What is the thousands digit of 363010673?
0
What is the units digit of 214502377?
7
What is the tens digit of 875794858?
5
What is the billions digit of 2900121022?
2
What is the units digit of 19715970?
0
What is the millions digit of 1090108899?
0
What is the tens digit of 66529458?
5
What is the tens digit of 1642361759?
5
What is the hundred millions digit of 135043551?
1
What is the hundred millions digit of 230837923?
2
What is the ten thousands digit of 147707221?
0
What is the thousands digit of 46104551?
4
What is the billions digit of 5794474190?
5
What is the hundreds digit of 400425806?
8
What is the ten millions digit of 11450896?
1
What is the thousands digit of 852223562?
3
What is the units digit of 1135698878?
8
What is the tens digit of 466903629?
2
What is the ten thousands digit of 182154184?
5
What is the units digit of 93250321?
1
What is the units digit of 241485373?
3
What is the thousands digit of 37161083?
1
What is the thousands digit of 854099203?
9
What is the units digit of 2553793428?
8
What is the tens digit of 5051829?
2
What is the ten thousands digit of 97045746?
4
What is the ten thousands digit of 27592753?
9
What is the ten thousands digit of 830384654?
8
What is the millions digit of 187305620?
7
What is the millions digit of 224608777?
4
What is the hundred thousands digit of 209202136?
2
What is the hundred millions digit of 246505108?
2
What is the millions digit of 8143163452?
3
What is the hundred thousands digit of 4499890899?
8
What is the units digit of 9108098772?
2
What is the millions digit of 3496025009?
6
What is the thousands digit of 625520017?
0
What is the hundred millions digit of 760302094?
7
What is the hundred thousands digit of 45197616?
1
What is the thousands digit of 1493280420?
0
What is the tens digit of 362116597?
9
What is the tens digit of 2201440596?
9
What is the millions digit of 58047258?
8
What is the ten thousands digit of 251283808?
8
What is the hundred thousands digit of 2273408867?
4
What is the hundred thousands digit of 216456175?
4
What is the thousands digit of 78075716?
5
What is the hundreds digit of 80273939?
9
What is the units digit of 4191160917?
7
What is the ten thousands digit of 1736744431?
4
What is the hundred thousands digit of 525616233?
6
What is the units digit of 24180816?
6
What is the tens digit of 38489372?
7
What is the thousands digit of 58423622?
3
What is the ten thousands digit of 4293329008?
2
What is the hundred thousands digit of 4292940665?
9
What is the ten thousands digit of 68497803?
9
What is the ten thousands digit of 7681692?
8
What is the hundred millions digit of 1509320826?
5
What is the ten thousands digit of 8703774?
0
What is the tens digit of 182090787?
8
What is the hundred thousands digit of 5628766?
6
What is the hundreds digit of 622057662?
6
What is the thousands digit of 263841267